03656 (base 8) to base 7.
-23561610
2202112221022 (base 3) to base 4
11212100213
-1a69a (base 13) to base 2
-1100100111011000
15345243 (base 7) to base 4
11213301321
-859b6 (base 14) to base 7
-2513416
What is 569323 (base 10) in base 2?
10001010111111101011
-200220012201011 (base 3) to base 15
-d35847
837984 (base 10) to base 3
1120120111110
What is 147925 (base 12) in base 16?
5446d
What is 1011000001111100101000 (base 2) in base 10?
2891560
Convert 11044228 (base 10) to base 11.
6263768
Convert -110001110110001010110 (base 2) to base 3.
-10001222120001
What is -126095 (base 12) in base 10?
-300785
-b1259 (base 15) to base 13
-168333
What is -30232053 (base 6) in base 13?
-24140a
61511506 (base 7) to base 9
10612807
-1344b5 (base 14) to base 8
-2422637
What is -2202001210210 (base 3) in base 6?
-51125203
Convert -a99d07 (base 14) to base 6.
-323134031
What is 330b (base 13) in base 6?
52525
20300403 (base 5) to base 10
165728
Convert 202426 (base 9) to base 13.
42765
What is 343b5 (base 13) in base 10?
95126
What is -121032303 (base 4) in base 3?
-12020202200
10d197 (base 14) to base 3
1002011010210
Convert -424919 (base 10) to base 14.
-b0bd5
Convert -79cca (base 13) to base 5.
-24100034
What is -22002242 (base 5) in base 6?
-4005314
Convert -2661b (base 16) to base 9.
-258578
Convert -356943 (base 15) to base 8.
-11573364
Convert -4121325 (base 7) to base 2.
-1111000010010101010
a2939 (base 13) to base 11
18a077
Convert 401020003 (base 5) to base 7.
16265413
What is 2a65207 (base 11) in base 8?
24012576
What is -541151341 (base 6) in base 4?
-210202221031
What is -165443351 (base 7) in base 14?
-1720628
Convert -81726 (base 12) to base 5.
-20344104
-1baa508 (base 12) to base 16
-5ac458
What is -c00949 (base 15) in base 14?
-12d3906
What is 10200321 (base 4) in base 11?
12989
Convert -42118a (base 11) to base 15.
-d5026
Convert 6388007 (base 9) to base 8.
15037570
5208e3 (base 15) to base 2
1110111000001011101010
What is a2986 (base 12) in base 7?
1542462
21a931 (base 11) to base 12
14b288
What is -2783260 (base 11) in base 13?
-cba164
213303244 (base 5) to base 8
3375152
-87342 (base 12) to base 5
-21202331
What is 3711701 (base 11) in base 16?
628dec
Convert -586824 (base 9) to base 12.
-1501a1
-e427 (base 16) to base 4
-32100213
What is 103103123 (base 4) in base 9?
130412
Convert -11022022101 (base 3) to base 2.
-10100101100110110
What is 7136237 (base 8) in base 16?
1cbc9f
-110111100101011001010 (base 2) to base 4
-12330223022
166903 (base 12) to base 4
1131332103
What is 111912 (base 11) in base 2?
101011011111001101
What is -486667 (base 9) in base 12?
-121ab1
What is 10043130 (base 5) in base 16?
13c90
Convert 122100012211201 (base 3) to base 13.
1ba89c7
What is -2354342 (base 6) in base 5?
-12432433
-67621a (base 11) to base 13
-2b9305
What is 130132300 (base 4) in base 9?
187017
Convert 9e2074 (base 16) to base 10.
10362996
What is 40238 (base 13) in base 2?
11011111111000101
Convert 11063411 (base 10) to base 6.
1033043255
What is 28d147 (base 14) in base 16?
15a69b
What is -22508 (base 15) in base 9?
-175628
What is 113055 (base 11) in base 16?
2be21
Convert -165004 (base 10) to base 12.
-7b5a4
What is -431286 (base 9) in base 5?
-31204343
Convert 14376471 (base 9) to base 11.
40348a0
What is -135858c (base 13) in base 11?
-3498600
2d0798 (base 16) to base 4
23100132120
Convert 1803a91 (base 11) to base 6.
145411024
What is 10010111001000111 (base 2) in base 9?
127131
-1431432 (base 7) to base 11
-12180a
-63a60 (base 14) to base 2
-111010110010000100
Convert 1212665 (base 7) to base 13.
55544
What is 31223131303 (base 4) in base 14?
694b63
Convert -1110002122102 (base 3) to base 7.
-6353426
-113223132 (base 4) to base 11
-66963
Convert b1a74 (base 14) to base 5.
102134012
Convert -1133033321 (base 4) to base 10.
-390137
Convert 260832 (base 10) to base 6.
5331320
-15061115 (base 8) to base 5
-1334324122
Convert 49a18 (base 12) to base 4.
120121310
1909481 (base 14) to base 3
212022202111021
What is -607597 (base 10) in base 15?
-c0067
What is -10000011011011000011 (base 2) in base 5?
-114211212
3330221 (base 6) to base 10
167269
What is 271677 (base 10) in base 6?
5453433
Convert 54081 (base 10) to base 3.
2202012000
Convert 7032c (base 13) to base 8.
607430
36124014 (base 7) to base 9
6015816
What is -212130031 (base 4) in base 15?
-319bd
What is 137321 (base 9) in base 11?
58202
What is 15a8ca (base 15) in base 6?
34244544
10111421 (base 6) to base 10
289381
-1110000000000111110001 (base 2) to base 5
-1414424023
What is 13492d2 (base 14) in base 6?
531445052
Convert -10c8a2 (base 16) to base 2.
-100001100100010100010
Convert 331de (base 16) to base 11.
133340
What is -49658 (base 14) in base 13?
-639a6
-22421224 (base 5) to base 8
-611337
What is -1531a12 (base 11) in base 9?
-4837430
Convert -4444201 (base 5) to base 16.
-130e3
What is 1405d26 (base 15) in base 10?
14447961
Convert -30546533 (base 7) to base 4.
-21302213003
What is 102330303 (base 5) in base 13?
122244
Convert 1203344 (base 5) to base 12.
10b25
50e459 (base 15) to base 8
16525765
11654830 (base 9) to base 4
111300312030
2585c (base 13) to base 3
10112101102
-6833201 (base 10) to base 6
-402243105
What is -54300005 (base 6) in base 15?
-21bde2
-10110101100111000101110 (base 2) to base 11
-33a5100
Convert 6a0822 (base 12) to base 7.
20314505
What is -155553 (base 9) in base 8?
-273320
-204033333 (base 5) to base 15
-11aa63
Convert -22121121230 (base 4) to base 3.
-12010110122212
Convert -387691 (base 13) to base 5.
-321441003
What is 674880 (base 12) in base 5?
410140204
101101100011100001 (base 2) to base 5
21432333
Convert 4227162 (base 8) to base 14.
2144ca
What is -44d9a1 (base 16) in base 5?
-2123342121
Convert -125949 (base 10) to base 11.
-8669a
Convert -40726775 (base 8) to base 5.
-4202123012
-40dbd (base 14) to base 10
-156379
Convert -2cf591 (base 16) to base 11.
-1732790
-51428a (base 11) to base 14
-176c08
-2331203313 (base 4) to base 16
-bd8f7
-211221200212 (base 3) to base 7
-3561041
-1130201112 (base 4) to base 9
-636753
Convert -423806 (base 11) to base 5.
-133202303
Convert -2264171 (base 11) to base 2.
-1111000110011101000001
What is 45647 (base 11) in base 12?
32238
What is -3331220 (base 4) in base 7?
-65216
Convert 10001001000110010110 (base 2) to base 7.
4526124
-1001101001001000011 (base 2) to base 9
-531378
-117b61 (base 13) to base 10
-417171
23aa3d (base 14) to base 6
42053435
Convert -23351362 (base 7) to base 14.
-3b9b69
What is 3418004 (base 9) in base 2?
111000001111011100100
182873 (base 9) to base 12
55979
Convert 1002301132 (base 4) to base 3.
111220011201
173c21 (base 13) to base 7
4633400
-1251360 (base 9) to base 5
-133331440
What is -372767 (base 8) in base 16?
-1f5f7
What is 10022001010110 (base 3) in base 7?
20616435
-10210012112 (base 3) to base 14
-1d21d
Convert 1110011111000000100 (base 2) to base 8.
1637004
-123145 (base 8) to base 3
-2011102200
What is -7adc90 (base 14) in base 13?
-b37a7c
Convert -15132012 (base 7) to base 3.
-2200222111110
What is -1111001001000101101110 (base 2) in base 8?
-17110556
What is 2526c (base 13) in base 5?
4143120
What is -4027560 (base 8) in base 4?
-10002331300
4d020 (base 14) to base 10
189364
What is -8387 (base 11) in base 15?
-3456
6502023 (base 7) to base 2
11000001000001101000
Convert cc6db (base 15) to base 16.
9e954
Convert -993c2 (base 14) to base 9.
-625162
4acb5 (base 13) to base 2
100001110010010110
-22323101223 (base 4) to base 12
-b61663
Convert -1aedd4 (base 16) to base 8.
-6566724
What is -b58590 (base 12) in base 11?
-1680405
Convert 192878 (base 13) to base 16.
9ad4b
What is 2366760 (base 12) in base 8?
32113270
What is 11011011101110011 (base 2) in base 14?
2cdd9
Convert 101000011010100 (base 2) to base 16.
50d4
What is -134403011 (base 6) in base 9?
-5132507
What is 456c4 (base 13) in base 3?
20102101121
What is aa7538 (base 14) in base 9?
11783253
Convert 37174 (base 9) to base 4.
12011212
What is 2952738 (base 12) in base 10?
8319644
What is 12110212 (base 3) in base 5?
111432
222211555 (base 6) to base 12
1423bbb
Convert 2211221 (base 5) to base 11.
26869
Convert 15600b3 (base 13) to base 8.
32114202
-2104323 (base 7) to base 5
-31104031
Convert -32692 (bas